{"id":646,"date":"2024-05-27T13:21:41","date_gmt":"2024-05-27T11:21:41","guid":{"rendered":"https:\/\/www.microbrasseriekerblei.com\/?page_id=646"},"modified":"2024-05-28T11:22:34","modified_gmt":"2024-05-28T09:22:34","slug":"politique-de-confidentialite","status":"publish","type":"page","link":"https:\/\/www.microbrasseriekerblei.com\/index.php\/politique-de-confidentialite\/","title":{"rendered":"Politique de confidentialit\u00e9"},"content":{"rendered":"<p>[et_pb_section fb_built=\u00a0\u00bb1&Prime; _builder_version=\u00a0\u00bb4.25.0&Prime; _module_preset=\u00a0\u00bbdefault\u00a0\u00bb background_color=\u00a0\u00bbgcid-95647beb-425a-4b6f-8916-927ec383f8b2&Prime; global_colors_info=\u00a0\u00bb{%22gcid-95647beb-425a-4b6f-8916-927ec383f8b2%22:%91%22background_color%22%93}\u00a0\u00bb][et_pb_row _builder_version=\u00a0\u00bb4.25.0&Prime; _module_preset=\u00a0\u00bbdefault\u00a0\u00bb global_colors_info=\u00a0\u00bb{}\u00a0\u00bb][et_pb_column type=\u00a0\u00bb4_4&Prime; _builder_version=\u00a0\u00bb4.25.0&Prime; _module_preset=\u00a0\u00bbdefault\u00a0\u00bb global_colors_info=\u00a0\u00bb{}\u00a0\u00bb][et_pb_text _builder_version=\u00a0\u00bb4.25.0&Prime; _module_preset=\u00a0\u00bbdefault\u00a0\u00bb background_color=\u00a0\u00bbRGBA(255,255,255,0)\u00a0\u00bb hover_enabled=\u00a0\u00bb0&Prime; inline_fonts=\u00a0\u00bbAantropos\u00a0\u00bb global_colors_info=\u00a0\u00bb{}\u00a0\u00bb sticky_enabled=\u00a0\u00bb0&Prime;]<\/p>\n<h1 style=\"margin-bottom: 0cm; text-align: center;\"><span style=\"font-family: Aantropos; font-weight: normal; color: #ffffff;\">politique de confidentialit\u00e9<\/span><\/h1>\n<h2 class=\"western\"><a name=\"lwptoc29\"><\/a><a name=\"qui-sommes-nous\"><\/a><span style=\"font-family: Aantropos; color: #ffffff; font-weight: normal;\"> <\/span><\/h2>\n<h2 class=\"western\"><span style=\"font-family: Aantropos; color: #ffffff; font-weight: normal;\"><\/span><\/h2>\n<h2 class=\"western\"><span style=\"font-family: Aantropos; color: #ffffff; font-weight: normal;\"><\/span><\/h2>\n<h2 class=\"western\"><span style=\"font-family: Aantropos; color: #ffffff; font-weight: normal;\"><\/span><\/h2>\n<h3 class=\"western\"><span style=\"font-family: Aantropos; color: #ffffff; font-weight: normal;\">Qui sommes-nous\u00a0?<\/span><\/h3>\n<ul>\n<li>\n<p style=\"margin-bottom: 0cm;\">Yoann Le Cerf &#8211; Micro-brasserie Kerblei<\/p>\n<\/li>\n<li>\n<p style=\"margin-bottom: 0cm;\">yoannlecerf@yahoo.fr<\/p>\n<\/li>\n<li>https:\/\/www.microbrasseriekerblei.com\/<\/li>\n<\/ul>\n<h3 class=\"western\"><a name=\"lwptoc32\"><\/a><a name=\"formulaires\"><\/a><span style=\"font-family: Aantropos; font-weight: normal; color: #ffffff;\">Formulaires de contact<\/span><\/h3>\n<p>En cas d&rsquo;utilisation du formulaire de contact nous collectons vos donn\u00e9es de mail, nom pr\u00e9nom et num\u00e9ro de t\u00e9l\u00e9phone. Ces donn\u00e9es de seront jamais revendues \u00e0 un tierce et ne servirons qu&rsquo;\u00e0 r\u00e9pondre \u00e0 votre demande.<\/p>\n<h3 class=\"western\"><a name=\"lwptoc34\"><\/a><a name=\"contenu-embarque-depuis-d-autres-sites\"><\/a><span style=\"color: #ffffff;\"> Contenu embarqu\u00e9 depuis d\u2019autres sites<\/span><\/h3>\n<p>Les articles de ce site peuvent inclure des contenus int\u00e9gr\u00e9s (par exemple des vid\u00e9os, images, articles\u2026). Le contenu int\u00e9gr\u00e9 depuis d\u2019autres sites se comporte de la m\u00eame mani\u00e8re que si le visiteur se rendait sur cet autre site. Ces sites web pourraient collecter des donn\u00e9es sur vous, utiliser des cookies, embarquer des outils de suivis tiers, suivre vos interactions avec ces contenus embarqu\u00e9s si vous disposez d\u2019un compte connect\u00e9 sur leur site web.<\/p>\n<h3 class=\"western\"><a name=\"lwptoc37\"><\/a><a name=\"les-droits-que-vous-avez-sur-vos-donnees\"><\/a><span style=\"color: #ffffff;\"> Les droits que vous avez sur vos donn\u00e9es<\/span><\/h3>\n<p>Vous pouvez demander \u00e0 recevoir un fichier contenant toutes les donn\u00e9es personnelles que nous poss\u00e9dons \u00e0 votre sujet, incluant celles que vous nous avez fournies. Vous pouvez \u00e9galement demander la suppression des donn\u00e9es personnelles vous concernant. Cela ne prend pas en compte les donn\u00e9es stock\u00e9es \u00e0 des fins administratives, l\u00e9gales ou pour des raisons de s\u00e9curit\u00e9.<\/p>\n<p>[\/et_pb_text][\/et_pb_column][\/et_pb_row][\/et_pb_section]<\/p>\n","protected":false},"excerpt":{"rendered":"<p>politique de confidentialit\u00e9 Qui sommes-nous\u00a0? Yoann Le Cerf &#8211; Micro-brasserie Kerblei yoannlecerf@yahoo.fr https:\/\/www.microbrasseriekerblei.com\/ Formulaires de contact En cas d&rsquo;utilisation du formulaire de contact nous collectons vos donn\u00e9es de mail, nom pr\u00e9nom et num\u00e9ro de t\u00e9l\u00e9phone. Ces donn\u00e9es de seront jamais revendues \u00e0 un tierce et ne servirons qu&rsquo;\u00e0 r\u00e9pondre \u00e0 votre demande. Contenu embarqu\u00e9 depuis [&hellip;]<\/p>\n","protected":false},"author":1,"featured_media":0,"parent":0,"menu_order":0,"comment_status":"closed","ping_status":"closed","template":"","meta":{"_et_pb_use_builder":"on","_et_pb_old_content":"","_et_gb_content_width":"","footnotes":""},"class_list":["post-646","page","type-page","status-publish","hentry"],"jetpack_sharing_enabled":true,"_links":{"self":[{"href":"https:\/\/www.microbrasseriekerblei.com\/index.php\/wp-json\/wp\/v2\/pages\/646","targetHints":{"allow":["GET"]}}],"collection":[{"href":"https:\/\/www.microbrasseriekerblei.com\/index.php\/wp-json\/wp\/v2\/pages"}],"about":[{"href":"https:\/\/www.microbrasseriekerblei.com\/index.php\/wp-json\/wp\/v2\/types\/page"}],"author":[{"embeddable":true,"href":"https:\/\/www.microbrasseriekerblei.com\/index.php\/wp-json\/wp\/v2\/users\/1"}],"replies":[{"embeddable":true,"href":"https:\/\/www.microbrasseriekerblei.com\/index.php\/wp-json\/wp\/v2\/comments?post=646"}],"version-history":[{"count":7,"href":"https:\/\/www.microbrasseriekerblei.com\/index.php\/wp-json\/wp\/v2\/pages\/646\/revisions"}],"predecessor-version":[{"id":692,"href":"https:\/\/www.microbrasseriekerblei.com\/index.php\/wp-json\/wp\/v2\/pages\/646\/revisions\/692"}],"wp:attachment":[{"href":"https:\/\/www.microbrasseriekerblei.com\/index.php\/wp-json\/wp\/v2\/media?parent=646"}],"curies":[{"name":"wp","href":"https:\/\/api.w.org\/{rel}","templated":true}]}}