{"id":11,"date":"2024-05-06T11:46:29","date_gmt":"2024-05-06T09:46:29","guid":{"rendered":"http:\/\/umklubl.cluster023.hosting.ovh.net\/?page_id=11"},"modified":"2024-05-27T11:56:57","modified_gmt":"2024-05-27T09:56:57","slug":"nos-bieres","status":"publish","type":"page","link":"https:\/\/www.microbrasseriekerblei.com\/index.php\/nos-bieres\/","title":{"rendered":"NOS BIERES"},"content":{"rendered":"<p>[et_pb_section fb_built=\u00a0\u00bb1&Prime; custom_padding_last_edited=\u00a0\u00bbon|phone\u00a0\u00bb admin_label=\u00a0\u00bbShop\u00a0\u00bb _builder_version=\u00a0\u00bb4.25.0&Prime; background_color=\u00a0\u00bbgcid-95647beb-425a-4b6f-8916-927ec383f8b2&Prime; custom_padding=\u00a0\u00bb93px||70px|||\u00a0\u00bb custom_padding_tablet=\u00a0\u00bb60px||0px|\u00a0\u00bb custom_padding_phone=\u00a0\u00bb\u00a0\u00bb global_colors_info=\u00a0\u00bb{%22gcid-95647beb-425a-4b6f-8916-927ec383f8b2%22:%91%22background_color%22%93}\u00a0\u00bb][et_pb_row custom_padding_last_edited=\u00a0\u00bbon|phone\u00a0\u00bb admin_label=\u00a0\u00bbShop Title\u00a0\u00bb _builder_version=\u00a0\u00bb4.16&Prime; background_size=\u00a0\u00bbinitial\u00a0\u00bb background_position=\u00a0\u00bbtop_left\u00a0\u00bb background_repeat=\u00a0\u00bbrepeat\u00a0\u00bb custom_padding=\u00a0\u00bb30px|0px|43px|0px||\u00a0\u00bb custom_padding_tablet=\u00a0\u00bb0px||0px|\u00a0\u00bb custom_padding_phone=\u00a0\u00bb\u00a0\u00bb global_colors_info=\u00a0\u00bb{}\u00a0\u00bb][et_pb_column type=\u00a0\u00bb4_4&Prime; _builder_version=\u00a0\u00bb4.16&Prime; custom_padding=\u00a0\u00bb|||\u00a0\u00bb global_colors_info=\u00a0\u00bb{}\u00a0\u00bb custom_padding__hover=\u00a0\u00bb|||\u00a0\u00bb][et_pb_text admin_label=\u00a0\u00bbLook Inside Title\u00a0\u00bb _builder_version=\u00a0\u00bb4.25.0&Prime; text_text_color=\u00a0\u00bb#1a1a1a\u00a0\u00bb header_font=\u00a0\u00bbAantropos|700||on|||||\u00a0\u00bb header_text_align=\u00a0\u00bbcenter\u00a0\u00bb header_font_size=\u00a0\u00bb60px\u00a0\u00bb header_line_height=\u00a0\u00bb1.3em\u00a0\u00bb background_size=\u00a0\u00bbinitial\u00a0\u00bb background_position=\u00a0\u00bbtop_left\u00a0\u00bb background_repeat=\u00a0\u00bbrepeat\u00a0\u00bb max_width=\u00a0\u00bb636px\u00a0\u00bb module_alignment=\u00a0\u00bbcenter\u00a0\u00bb custom_margin=\u00a0\u00bb||61px|||\u00a0\u00bb custom_padding=\u00a0\u00bb|||\u00a0\u00bb animation_style=\u00a0\u00bbslide\u00a0\u00bb animation_direction=\u00a0\u00bbtop\u00a0\u00bb animation_intensity_slide=\u00a0\u00bb10%\u00a0\u00bb locked=\u00a0\u00bboff\u00a0\u00bb inline_fonts=\u00a0\u00bbAntropos,Aantropos\u00a0\u00bb global_colors_info=\u00a0\u00bb{}\u00a0\u00bb]<\/p>\n<h1 style=\"text-align: center;\"><span style=\"color: #ffffff; font-family: Antropos; font-weight: normal;\"><span style=\"font-family: Aantropos;\">Kerblei, 9 bi\u00e8res<\/span><br \/><\/span><\/h1>\n<p>[\/et_pb_text][et_pb_divider color=\u00a0\u00bb#FFFFFF\u00a0\u00bb divider_weight=\u00a0\u00bb4px\u00a0\u00bb _builder_version=\u00a0\u00bb4.25.0&Prime; _module_preset=\u00a0\u00bbdefault\u00a0\u00bb width=\u00a0\u00bb44%\u00a0\u00bb module_alignment=\u00a0\u00bbcenter\u00a0\u00bb global_colors_info=\u00a0\u00bb{}\u00a0\u00bb][\/et_pb_divider][\/et_pb_column][\/et_pb_row][et_pb_row column_structure=\u00a0\u00bb1_3,1_3,1_3&Prime; use_custom_gutter=\u00a0\u00bbon\u00a0\u00bb gutter_width=\u00a0\u00bb2&Prime; make_equal=\u00a0\u00bbon\u00a0\u00bb admin_label=\u00a0\u00bbProducts\u00a0\u00bb _builder_version=\u00a0\u00bb4.16&Prime; background_size=\u00a0\u00bbinitial\u00a0\u00bb background_position=\u00a0\u00bbtop_left\u00a0\u00bb background_repeat=\u00a0\u00bbrepeat\u00a0\u00bb custom_padding=\u00a0\u00bb||68px|||\u00a0\u00bb global_colors_info=\u00a0\u00bb{}\u00a0\u00bb][et_pb_column type=\u00a0\u00bb1_3&Prime; _builder_version=\u00a0\u00bb4.16&Prime; custom_padding=\u00a0\u00bb|||\u00a0\u00bb global_colors_info=\u00a0\u00bb{}\u00a0\u00bb custom_padding__hover=\u00a0\u00bb|||\u00a0\u00bb][et_pb_image src=\u00a0\u00bbhttp:\/\/umklubl.cluster023.hosting.ovh.net\/wp-content\/uploads\/2024\/05\/plagePiquetIpa.jpg\u00a0\u00bb alt=\u00a0\u00bbI.P.A 5,5% Blonde Ale, houblonn\u00a0\u00bb title_text=\u00a0\u00bbplagePiquetIpa\u00a0\u00bb _builder_version=\u00a0\u00bb4.25.0&Prime; _module_preset=\u00a0\u00bbdefault\u00a0\u00bb filter_brightness=\u00a0\u00bb152%\u00a0\u00bb global_colors_info=\u00a0\u00bb{}\u00a0\u00bb][\/et_pb_image][et_pb_text _builder_version=\u00a0\u00bb4.25.0&Prime; _module_preset=\u00a0\u00bbdefault\u00a0\u00bb text_font=\u00a0\u00bbNunito||||||||\u00a0\u00bb text_font_size=\u00a0\u00bb16px\u00a0\u00bb header_font=\u00a0\u00bbAantropos||||||||\u00a0\u00bb custom_padding=\u00a0\u00bb||0px|||\u00a0\u00bb inline_fonts=\u00a0\u00bbAntropos,Aantropos\u00a0\u00bb global_colors_info=\u00a0\u00bb{}\u00a0\u00bb]<\/p>\n<h2 style=\"text-align: center;\"><span style=\"font-family: Aantropos; font-weight: normal; color: #ffffff;\">I.P.A<\/span><\/h2>\n<p style=\"text-align: center;\"><span style=\"color: #ffffff;\">5,5%<\/span><\/p>\n<p style=\"text-align: center;\"><span style=\"color: #ffffff;\">Blonde ale, houblonnage aromatique +++<\/span><\/p>\n<p>[\/et_pb_text][\/et_pb_column][et_pb_column type=\u00a0\u00bb1_3&Prime; _builder_version=\u00a0\u00bb4.16&Prime; custom_padding=\u00a0\u00bb|||\u00a0\u00bb global_colors_info=\u00a0\u00bb{}\u00a0\u00bb custom_padding__hover=\u00a0\u00bb|||\u00a0\u00bb][et_pb_image src=\u00a0\u00bbhttp:\/\/umklubl.cluster023.hosting.ovh.net\/wp-content\/uploads\/2024\/05\/liereRousseC.jpg\u00a0\u00bb alt=\u00a0\u00bbrousse kerblei\u00a0\u00bb title_text=\u00a0\u00bbliereRousseC\u00a0\u00bb _builder_version=\u00a0\u00bb4.25.0&Prime; _module_preset=\u00a0\u00bbdefault\u00a0\u00bb global_colors_info=\u00a0\u00bb{}\u00a0\u00bb][\/et_pb_image][et_pb_text _builder_version=\u00a0\u00bb4.25.0&Prime; _module_preset=\u00a0\u00bbdefault\u00a0\u00bb text_font=\u00a0\u00bbNunito||||||||\u00a0\u00bb text_font_size=\u00a0\u00bb16px\u00a0\u00bb inline_fonts=\u00a0\u00bbAntropos,Nunito,Aantropos\u00a0\u00bb global_colors_info=\u00a0\u00bb{}\u00a0\u00bb]<\/p>\n<h2 style=\"text-align: center;\"><span style=\"color: #ffffff; font-family: Aantropos; font-weight: normal;\">ROUSSE<\/span><\/h2>\n<p style=\"text-align: center;\"><span style=\"color: #ffffff;\">5,4 %<\/span><\/p>\n<p style=\"text-align: center;\"><span style=\"color: #ffffff; font-family: Nunito; font-weight: normal; font-size: medium;\">Caract\u00e8re fleuri, robe rougeoyante, <\/span><\/p>\n<p style=\"text-align: center;\"><span style=\"color: #ffffff; font-family: Nunito; font-weight: normal; font-size: medium;\">houblon plus aromatique<\/span><\/p>\n<p>[\/et_pb_text][\/et_pb_column][et_pb_column type=\u00a0\u00bb1_3&Prime; _builder_version=\u00a0\u00bb4.16&Prime; custom_padding=\u00a0\u00bb|||\u00a0\u00bb global_colors_info=\u00a0\u00bb{}\u00a0\u00bb custom_padding__hover=\u00a0\u00bb|||\u00a0\u00bb][et_pb_image src=\u00a0\u00bbhttp:\/\/umklubl.cluster023.hosting.ovh.net\/wp-content\/uploads\/2024\/05\/canonBlondeC.jpg\u00a0\u00bb alt=\u00a0\u00bbbi\u00e8re blonde kerblei\u00a0\u00bb title_text=\u00a0\u00bbcanonBlondeC\u00a0\u00bb _builder_version=\u00a0\u00bb4.25.0&Prime; _module_preset=\u00a0\u00bbdefault\u00a0\u00bb global_colors_info=\u00a0\u00bb{}\u00a0\u00bb][\/et_pb_image][et_pb_text _builder_version=\u00a0\u00bb4.25.0&Prime; _module_preset=\u00a0\u00bbdefault\u00a0\u00bb text_font=\u00a0\u00bbNunito||||||||\u00a0\u00bb text_font_size=\u00a0\u00bb16px\u00a0\u00bb inline_fonts=\u00a0\u00bbAntropos,Aantropos\u00a0\u00bb global_colors_info=\u00a0\u00bb{}\u00a0\u00bb]<\/p>\n<h2 style=\"text-align: center;\"><span style=\"color: #ffffff; font-family: Aantropos; font-weight: normal;\">blonde<\/span><\/h2>\n<p style=\"text-align: center;\"><span style=\"color: #ffffff;\">5,8 %<\/span><\/p>\n<p style=\"text-align: center;\"><span style=\"color: #ffffff;\">L\u00e9g\u00e8re amertume, reflets dor\u00e9s, saveur fruit\u00e9e<\/span><\/p>\n<p>[\/et_pb_text][\/et_pb_column][\/et_pb_row][et_pb_row column_structure=\u00a0\u00bb1_3,1_3,1_3&Prime; _builder_version=\u00a0\u00bb4.25.0&Prime; _module_preset=\u00a0\u00bbdefault\u00a0\u00bb global_colors_info=\u00a0\u00bb{}\u00a0\u00bb][et_pb_column type=\u00a0\u00bb1_3&Prime; _builder_version=\u00a0\u00bb4.25.0&Prime; _module_preset=\u00a0\u00bbdefault\u00a0\u00bb global_colors_info=\u00a0\u00bb{}\u00a0\u00bb][et_pb_image src=\u00a0\u00bbhttp:\/\/umklubl.cluster023.hosting.ovh.net\/wp-content\/uploads\/2024\/05\/fleurAmbreeC.jpg\u00a0\u00bb alt=\u00a0\u00bbbi\u00e8re ambr\u00e9e kerblei\u00a0\u00bb title_text=\u00a0\u00bbfleurAmbreeC\u00a0\u00bb _builder_version=\u00a0\u00bb4.25.0&Prime; _module_preset=\u00a0\u00bbdefault\u00a0\u00bb global_colors_info=\u00a0\u00bb{}\u00a0\u00bb][\/et_pb_image][et_pb_text _builder_version=\u00a0\u00bb4.25.0&Prime; _module_preset=\u00a0\u00bbdefault\u00a0\u00bb text_font=\u00a0\u00bbNunito||||||||\u00a0\u00bb text_font_size=\u00a0\u00bb16px\u00a0\u00bb inline_fonts=\u00a0\u00bbAntropos,Aantropos\u00a0\u00bb global_colors_info=\u00a0\u00bb{}\u00a0\u00bb]<\/p>\n<h2 style=\"text-align: center;\"><span style=\"font-family: Aantropos; font-weight: normal; color: #ffffff;\">ambr\u00e9e<\/span><\/h2>\n<p style=\"text-align: center;\"><span style=\"color: #ffffff;\">6,1 %<\/span><\/p>\n<p style=\"text-align: center;\"><span style=\"color: #ffffff;\">Saveur plus affirm\u00e9e, profil malt\u00e9, onctueuse<br \/><\/span><\/p>\n<p>[\/et_pb_text][\/et_pb_column][et_pb_column type=\u00a0\u00bb1_3&Prime; _builder_version=\u00a0\u00bb4.25.0&Prime; _module_preset=\u00a0\u00bbdefault\u00a0\u00bb global_colors_info=\u00a0\u00bb{}\u00a0\u00bb][et_pb_image src=\u00a0\u00bbhttp:\/\/umklubl.cluster023.hosting.ovh.net\/wp-content\/uploads\/2024\/05\/marbreBrune.jpg\u00a0\u00bb alt=\u00a0\u00bbbi\u00e8re brune Kerblei\u00a0\u00bb title_text=\u00a0\u00bbmarbreBrune\u00a0\u00bb _builder_version=\u00a0\u00bb4.25.0&Prime; _module_preset=\u00a0\u00bbdefault\u00a0\u00bb global_colors_info=\u00a0\u00bb{}\u00a0\u00bb][\/et_pb_image][et_pb_text _builder_version=\u00a0\u00bb4.25.0&Prime; _module_preset=\u00a0\u00bbdefault\u00a0\u00bb text_font=\u00a0\u00bbNunito||||||||\u00a0\u00bb text_font_size=\u00a0\u00bb16px\u00a0\u00bb inline_fonts=\u00a0\u00bbAntropos,Aantropos\u00a0\u00bb global_colors_info=\u00a0\u00bb{}\u00a0\u00bb]<\/p>\n<h2 style=\"text-align: center;\"><span style=\"font-family: Aantropos; font-weight: normal; color: #ffffff;\">brune<\/span><\/h2>\n<p style=\"text-align: center;\"><span style=\"color: #ffffff;\">6,3 %<\/span><\/p>\n<p style=\"text-align: center;\"><span style=\"color: #ffffff;\">Houblon floral, notes de caf\u00e9 et chocolat<br \/><\/span><\/p>\n<p>[\/et_pb_text][\/et_pb_column][et_pb_column type=\u00a0\u00bb1_3&Prime; _builder_version=\u00a0\u00bb4.25.0&Prime; _module_preset=\u00a0\u00bbdefault\u00a0\u00bb global_colors_info=\u00a0\u00bb{}\u00a0\u00bb][et_pb_image src=\u00a0\u00bbhttp:\/\/umklubl.cluster023.hosting.ovh.net\/wp-content\/uploads\/2024\/05\/plageB7iles.jpg\u00a0\u00bb alt=\u00a0\u00bbblonde 7 iles kerblei\u00a0\u00bb title_text=\u00a0\u00bbplageB7iles\u00a0\u00bb _builder_version=\u00a0\u00bb4.25.0&Prime; _module_preset=\u00a0\u00bbdefault\u00a0\u00bb global_colors_info=\u00a0\u00bb{}\u00a0\u00bb][\/et_pb_image][et_pb_text _builder_version=\u00a0\u00bb4.25.0&Prime; _module_preset=\u00a0\u00bbdefault\u00a0\u00bb text_font=\u00a0\u00bbNunito||||||||\u00a0\u00bb text_font_size=\u00a0\u00bb16px\u00a0\u00bb inline_fonts=\u00a0\u00bbAntropos,Aantropos\u00a0\u00bb global_colors_info=\u00a0\u00bb{}\u00a0\u00bb]<\/p>\n<h2 style=\"text-align: center;\"><span style=\"font-family: Aantropos; font-weight: normal; color: #ffffff;\">blonde des 7 \u00eeles<\/span><\/h2>\n<p style=\"text-align: center;\"><span style=\"color: #ffffff;\">5 %<\/span><\/p>\n<p style=\"text-align: center;\"><span style=\"color: #ffffff;\">Lager, \u00e0 base de 3 c\u00e9r\u00e9ales (bl\u00e9, orge et seigle). Houblonnage vivifiant<br \/><\/span><\/p>\n<p>[\/et_pb_text][\/et_pb_column][\/et_pb_row][et_pb_row column_structure=\u00a0\u00bb1_3,1_3,1_3&Prime; _builder_version=\u00a0\u00bb4.25.0&Prime; _module_preset=\u00a0\u00bbdefault\u00a0\u00bb global_colors_info=\u00a0\u00bb{}\u00a0\u00bb][et_pb_column type=\u00a0\u00bb1_3&Prime; _builder_version=\u00a0\u00bb4.25.0&Prime; _module_preset=\u00a0\u00bbdefault\u00a0\u00bb global_colors_info=\u00a0\u00bb{}\u00a0\u00bb][et_pb_image src=\u00a0\u00bbhttp:\/\/umklubl.cluster023.hosting.ovh.net\/wp-content\/uploads\/2024\/05\/pontonRigadelleC.jpg\u00a0\u00bb alt=\u00a0\u00bbbi\u00e8re rigad&rsquo;elle Kerblei\u00a0\u00bb title_text=\u00a0\u00bbpontonRigadelleC\u00a0\u00bb _builder_version=\u00a0\u00bb4.25.0&Prime; _module_preset=\u00a0\u00bbdefault\u00a0\u00bb global_colors_info=\u00a0\u00bb{}\u00a0\u00bb][\/et_pb_image][et_pb_text _builder_version=\u00a0\u00bb4.25.0&Prime; _module_preset=\u00a0\u00bbdefault\u00a0\u00bb text_font=\u00a0\u00bbNunito||||||||\u00a0\u00bb text_font_size=\u00a0\u00bb16px\u00a0\u00bb inline_fonts=\u00a0\u00bbAntropos,Aantropos\u00a0\u00bb global_colors_info=\u00a0\u00bb{}\u00a0\u00bb]<\/p>\n<h2 style=\"text-align: center;\"><span style=\"font-family: Aantropos; font-weight: normal; color: #ffffff;\">rigad&rsquo;elle<\/span><\/h2>\n<p style=\"text-align: center;\"><span style=\"color: #ffffff;\">7 %<\/span><\/p>\n<p style=\"text-align: center;\"><span style=\"color: #ffffff;\">Ambr\u00e9e au miel de Baden<br \/><\/span><\/p>\n<p>[\/et_pb_text][\/et_pb_column][et_pb_column type=\u00a0\u00bb1_3&Prime; _builder_version=\u00a0\u00bb4.25.0&Prime; _module_preset=\u00a0\u00bbdefault\u00a0\u00bb global_colors_info=\u00a0\u00bb{}\u00a0\u00bb][et_pb_image src=\u00a0\u00bbhttp:\/\/umklubl.cluster023.hosting.ovh.net\/wp-content\/uploads\/2024\/05\/portBeteC.jpg\u00a0\u00bb alt=\u00a0\u00bbbi\u00e8re blonde d&rsquo;\u00e9t\u00e9 kerblei\u00a0\u00bb title_text=\u00a0\u00bbportBeteC\u00a0\u00bb _builder_version=\u00a0\u00bb4.25.0&Prime; _module_preset=\u00a0\u00bbdefault\u00a0\u00bb global_colors_info=\u00a0\u00bb{}\u00a0\u00bb][\/et_pb_image][et_pb_text _builder_version=\u00a0\u00bb4.25.0&Prime; _module_preset=\u00a0\u00bbdefault\u00a0\u00bb text_font=\u00a0\u00bbNunito||||||||\u00a0\u00bb text_font_size=\u00a0\u00bb16px\u00a0\u00bb inline_fonts=\u00a0\u00bbAntropos,Aantropos\u00a0\u00bb global_colors_info=\u00a0\u00bb{}\u00a0\u00bb]<\/p>\n<h2 style=\"text-align: center;\"><span style=\"font-family: Antropos; font-weight: normal; color: #ffffff;\"><span style=\"font-family: Aantropos;\">blonde d&rsquo;\u00e9t\u00e9<\/span><br \/><\/span><\/h2>\n<p style=\"text-align: center;\"><span style=\"color: #ffffff;\">5 %<\/span><\/p>\n<p style=\"text-align: center;\"><span style=\"color: #ffffff;\">Corps l\u00e9ger (bl\u00e9 et orge), notes d&rsquo;agrumes, rafra\u00eechissante<br \/><\/span><\/p>\n<p>[\/et_pb_text][\/et_pb_column][et_pb_column type=\u00a0\u00bb1_3&Prime; _builder_version=\u00a0\u00bb4.25.0&Prime; _module_preset=\u00a0\u00bbdefault\u00a0\u00bb global_colors_info=\u00a0\u00bb{}\u00a0\u00bb][et_pb_image src=\u00a0\u00bbhttp:\/\/umklubl.cluster023.hosting.ovh.net\/wp-content\/uploads\/2024\/05\/poulTripleC.jpg\u00a0\u00bb alt=\u00a0\u00bbbi\u00e8re triple kerblei\u00a0\u00bb title_text=\u00a0\u00bbpoulTripleC\u00a0\u00bb _builder_version=\u00a0\u00bb4.25.0&Prime; _module_preset=\u00a0\u00bbdefault\u00a0\u00bb global_colors_info=\u00a0\u00bb{}\u00a0\u00bb][\/et_pb_image][et_pb_text _builder_version=\u00a0\u00bb4.25.0&Prime; _module_preset=\u00a0\u00bbdefault\u00a0\u00bb text_font=\u00a0\u00bbNunito||||||||\u00a0\u00bb text_font_size=\u00a0\u00bb16px\u00a0\u00bb inline_fonts=\u00a0\u00bbAntropos,Aantropos\u00a0\u00bb global_colors_info=\u00a0\u00bb{}\u00a0\u00bb]<\/p>\n<h2 style=\"text-align: center;\"><span style=\"font-family: Aantropos; font-weight: normal; color: #ffffff;\">triple<\/span><\/h2>\n<p style=\"text-align: center;\"><span style=\"color: #ffffff;\">7,5 %<\/span><\/p>\n<p style=\"text-align: center;\"><span style=\"color: #ffffff;\">Blonde de triple fermentation, aromatis\u00e9e \u00e0 la fleur de sureau<br \/><\/span><\/p>\n<p>[\/et_pb_text][\/et_pb_column][\/et_pb_row][\/et_pb_section]<\/p>\n","protected":false},"excerpt":{"rendered":"<p>Kerblei, 9 bi\u00e8resI.P.A 5,5% Blonde ale, houblonnage aromatique +++ROUSSE 5,4 % Caract\u00e8re fleuri, robe rougeoyante, houblon plus aromatiqueblonde 5,8 % L\u00e9g\u00e8re amertume, reflets dor\u00e9s, saveur fruit\u00e9eambr\u00e9e 6,1 % Saveur plus affirm\u00e9e, profil malt\u00e9, onctueusebrune 6,3 % Houblon floral, notes de caf\u00e9 et chocolatblonde des 7 \u00eeles 5 % Lager, \u00e0 base de 3 c\u00e9r\u00e9ales (bl\u00e9, [&hellip;]<\/p>\n","protected":false},"author":1,"featured_media":0,"parent":0,"menu_order":0,"comment_status":"closed","ping_status":"closed","template":"","meta":{"_et_pb_use_builder":"on","_et_pb_old_content":"<!-- wp:divi\/placeholder \/-->","_et_gb_content_width":"","footnotes":""},"class_list":["post-11","page","type-page","status-publish","hentry"],"jetpack_sharing_enabled":true,"_links":{"self":[{"href":"https:\/\/www.microbrasseriekerblei.com\/index.php\/wp-json\/wp\/v2\/pages\/11","targetHints":{"allow":["GET"]}}],"collection":[{"href":"https:\/\/www.microbrasseriekerblei.com\/index.php\/wp-json\/wp\/v2\/pages"}],"about":[{"href":"https:\/\/www.microbrasseriekerblei.com\/index.php\/wp-json\/wp\/v2\/types\/page"}],"author":[{"embeddable":true,"href":"https:\/\/www.microbrasseriekerblei.com\/index.php\/wp-json\/wp\/v2\/users\/1"}],"replies":[{"embeddable":true,"href":"https:\/\/www.microbrasseriekerblei.com\/index.php\/wp-json\/wp\/v2\/comments?post=11"}],"version-history":[{"count":14,"href":"https:\/\/www.microbrasseriekerblei.com\/index.php\/wp-json\/wp\/v2\/pages\/11\/revisions"}],"predecessor-version":[{"id":614,"href":"https:\/\/www.microbrasseriekerblei.com\/index.php\/wp-json\/wp\/v2\/pages\/11\/revisions\/614"}],"wp:attachment":[{"href":"https:\/\/www.microbrasseriekerblei.com\/index.php\/wp-json\/wp\/v2\/media?parent=11"}],"curies":[{"name":"wp","href":"https:\/\/api.w.org\/{rel}","templated":true}]}}